de 182565?
True
Is 593460 a multiple of 140?
True
Does 18 divide 908480?
False
Does 2 divide 11143?
False
Is 3 a factor of 547661?
False
Is 24 a factor of 209232?
True
Is 945424 a multiple of 27?
False
Is 1459693 a multiple of 207?
False
Does 9 divide 3930685?
False
Is 7688659 a multiple of 26?
False
Does 13 divide 168980?
False
Is 50 a factor of 208889?
False
Does 159 divide 263463?
True
Does 8 divide 314728?
True
Is 580 a factor of 8012700?
True
Does 16 divide 163727?
False
Is 1101485 a multiple of 102?
False
Is 35 a factor of 39340?
True
Is 777 a factor of 19555698?
False
Is 200191 a multiple of 60?
False
Is 2009480 a multiple of 22?
True
Does 17 divide 8478546?
True
Is 35 a factor of 9520?
True
Is 6848774 a multiple of 37?
True
Is 8 a factor of 846468?
False
Is 83 a factor of 2477698?
False
Is 1246993 even?
False
Is 11 a factor of 48598?
True
Does 7 divide 2222619?
True
Does 12 divide 450372?
True
Is 310248 a multiple of 558?
True
Does 6 divide 1013904?
True
Does 28 divide 3424?
False
Does 861 divide 3036747?
True
Is 158272 a multiple of 404?
False
Is 355 a factor of 167205?
True
Is 67 a factor of 12353377?
False
Is 2080715 a multiple of 13?
True
Does 152 divide 2888911?
False
Is 513546 a multiple of 62?
True
Is 799 a factor of 700703?
False
Does 275 divide 14062?
False
Does 39 divide 556608?
True
Does 144 divide 245972?
False
Is 6341208 a multiple of 148?
True
Is 7 a factor of 217749?
True
Is 120349 a multiple of 3?
False
Does 58 divide 511792?
True
Is 177125 a multiple of 13?
True
Is 7461840 a multiple of 80?
True
Is 1521093 a multiple of 339?
True
Is 114114 a multiple of 11?
True
Is 4 a factor of 6276?
True
Does 142 divide 1621640?
True
Does 60 divide 186194?
False
Is 388365 a multiple of 255?
True
Does 34 divide 68788?
False
Is 9630 a multiple of 21?
False
Does 39 divide 181194?
True
Does 155 divide 59344?
False
Is 86472 a multiple of 18?
True
Is 297224 a multiple of 213?
False
Is 1289584 a multiple of 16?
True
Is 85 a factor of 767210?
True
Is 200 a factor of 4600587?
False
Does 197 divide 4791436?
False
Does 4 divide 104886?
False
Does 37 divide 98200?
False
Is 1244050 a multiple of 179?
True
Is 4 a factor of 9184?
True
Is 59 a factor of 32872912?
True
Is 8 a factor of 1855082?
False
Is 1217592 a multiple of 12?
True
Is 39 a factor of 1819273?
False
Does 81 divide 55826?
False
Does 3 divide 40320?
True
Is 1389692 a multiple of 526?
True
Is 86 a factor of 20640?
True
Is 14 a factor of 12600263?
False
Does 65 divide 137150?
True
Is 128654 a multiple of 30?
False
Is 155469 a multiple of 44?
False
Is 68839 a multiple of 52?
False
Is 49 a factor of 3546855?
False
Does 16 divide 4338275?
False
Is 210 a factor of 14700?
True
Does 116 divide 783348?
True
Is 109 a factor of 95920?
True
Does 32 divide 57280?
True
Does 113 divide 172890?
True
Does 48 divide 100577?
False
Is 23 a factor of 243591?
False
Is 303795 a multiple of 157?
True
Does 23 divide 61562?
False
Is 4 a factor of 2028296?
True
Is 128 a factor of 803328?
True
Is 307732 a multiple of 35?
False
Is 7 a factor of 4484543?
True
Is 31367 a multiple of 113?
False
Is 19 a factor of 222832?
True
Is 126056 a multiple of 28?
True
Is 167400 a multiple of 62?
True
Is 1940778 a multiple of 265?
False
Is 23664 a multiple of 2?
True
Is 5 a factor of 113573?
False
Is 478 a factor of 3521544?
False
Is 4696874 a multiple of 91?
True
Does 328 divide 2268009?
False
Is 14 a factor of 8690094?
True
Does 235 divide 3148765?
True
Is 601406 a multiple of 5?
False
Does 44 divide 826232?
True
Does 121 divide 10831?
False
Is 3 a factor of 109011?
True
Is 206 a factor of 3126860?
False
Is 410866 a multiple of 79?
False
Is 7112888 a multiple of 116?
True
Does 12 divide 632071?
False
Is 16 a factor of 542455?
False
Is 21 a factor of 2790228?
True
Is 391 a factor of 1192714?
False
Is 11695221 a multiple of 201?
False
Is 29 a factor of 63841?
False
Is 3690245 a multiple of 65?
True
Does 4 divide 70888?
True
Is 609264 a multiple of 72?
True
Does 9 divide 261279?
True
Is 25187 a multiple of 6?
False
Does 5 divide 97245?
True
Is 3 a factor of 57966?
True
Does 2 divide 1515206?
True
Is 158 a factor of 5058844?
True
Is 74580 a multiple of 15?
True
Is 25361 even?
False
Does 24 divide 18847169?
False
Is 20 a factor of 36780?
True
Is 5597759 a multiple of 99?
False
Does 198 divide 1119492?
True
Is 153533 a multiple of 13?
False
Is 455921 a multiple of 5?
False
Is 197 a factor of 657980?
True
Does 8 divide 214024?
True
Is 1760064 a multiple of 618?
True
Is 4263464 a multiple of 92?
True
Does 1578 divide 12314985?
False
Is 17270700 a multiple of 1380?
True
Is 8 a factor of 1988127?
False
Is 220 a factor of 7213324?
False
Is 13 a factor of 1072578?
True
Does 45 divide 402075?
True
Does 2735 divide 23274933?
False
Is 30 a factor of 44509?
False
Is 49 a factor of 7416096?
False
Is 787574 a multiple of 255?
False
Is 498 a factor of 6747402?
True
Is 10117561 a multiple of 22?
False
Is 235 a factor of 238995?
True
Is 22 a factor of 67636?
False
Does 17 divide 3445798?
True
Does 12 divide 3420084?
True
Does 22 divide 698896?
True
Is 22437192 a multiple of 37?
False
Does 18 divide 517986?
True
Is 4919004 a multiple of 12?
True
Does 4 divide 1221456?
True
Is 70 a factor of 52150?
True
Is 20 a factor of 6863360?
True
Is 333312 a multiple of 336?
True
Is 6 a factor of 2484153?
False
Does 35 divide 325695?
False
Is 24 a factor of 1635876?
False
Is 8915520 a multiple of 111?
True
Is 234 a factor of 109746?
True
Is 146265 a multiple of 75?
False
Does 199 divide 306460?
True
Is 54 a factor of 2339835?
False
Is 150 a factor of 4997088?
False
Is 55 a factor of 1150084?
False
Is 532976 a multiple of 16?
True
Is 5590892 a multiple of 34?
True
Is 8 a factor of 21410?
False
Does 64 divide 1505152?
True
Does 159 divide 171468?
False
Is 17048 a multiple of 31?
False
Does 74 divide 66008?
True
Does 23 divide 131790?
True
Does 11 divide 281067?
False
Is 380543 a multiple of 3?
False
Does 3 divide 402761?
False
Is 115 a factor of 111273?
False
Is 16 a factor of 64080?
True
Is 478332 a multiple of 25?
False
Is 235 a factor of 566626?
False
Does 216 divide 14607216?
True
Is 223584 a multiple of 32?
True
Is 8 a factor of 125849?
False
Is 206 a factor of 273535?
False
Is 25 a factor of 233250?
True
Does 10 divide 2280271?
False
Is 14 a factor of 466942?
True
Is 126 a factor of 4154325?
False
Does 48 divide 11695525?
False
Does 15 divide 591412?
False
Is 1554754 a multiple of 463?
True
Is 25696 a multiple of 22?
True
Does 91 divide 1965261?
False
Is 123 a factor of 437880?
True
Is 15 a factor of 24917676?
False
Is 99 a factor of 2463880?
False
Is 486679 a multiple of 15?
False
Is 2128848 a multiple of 3?
True
Is 660224 a multiple of 51?
False
Is 446 a factor of 3611106?
False
Is 8523541 a multiple of 13?
True
Does 13 divide 119314?
True
Is 7154200 a multiple of 353?
False
Does 540 divide 394200?
True
Does 308 divide 1658580?
True
Does 605 divide 9980685?
True
Does 8 divide 63612?
False
Does 5 divide 1415349?
False
Is 20631996 a multiple of 2772?
True
Is 14094 a multiple of 58?
True
Is 378238 a multiple of 7?
True
Does 513 divide 630477?
True
Is 30 a factor of 126992?
False
Is 15 a factor of 36869?
False
Is 1542828 a multiple of 12?
True
Does 17 divide 1983134?
False
Is 262280 a multiple of 79?
True
Is 109 a factor of 13910471?
True
Does 13 divide 114757?
False
Is 1239 a factor of 20740799?
False
Does 210 divide 2339431?
False
Is 421426 a multiple of 25?
False
Is 504 a factor of 119448?
True
Is 17 a factor of 43143?
False
Is 5164 a multiple of 4?
True
Is 1012335 a multiple of 637?
False
Does 250 divide 1118000?
True
Is 92566 a multiple of 10?
False
Does 482 divide 63732?
False
Does 4 divide 245599?
False
Does 81 divide 287427?
False
Is 7 a factor of 3759?
True
Does 28 divide 414604?
False
Is 8539856 a multiple of 104?
True
Does 236 divide 1222319?
False
Is 888580 a multiple of 27?
False
Is 13419735 a multiple of 15?
True
Does 1035 divide 530670?
False
Is 960142 a multiple of 24?
False
Does 3 divide 380076?
True
Is 118 a factor of 93094?
False
Does 180 divide 248504?
False
Is 26 a factor of 176774?
True
Does 15 divide 8049865?
False
Does 20 divide 3011651?
False
Does 447 divide 6512587?
False
Is 42391 a multiple of 2?
False
Is 21 a factor of 2477181